{"id":29,"date":"2021-07-14T18:39:40","date_gmt":"2021-07-14T16:39:40","guid":{"rendered":"https:\/\/y-a-wordsmith.fr\/?page_id=29"},"modified":"2021-12-09T13:05:00","modified_gmt":"2021-12-09T12:05:00","slug":"mentions-legales","status":"publish","type":"page","link":"https:\/\/y-a-wordsmith.fr\/index.php\/mentions-legales\/","title":{"rendered":"Mentions l\u00e9gales"},"content":{"rendered":"\n<p>Y-A-Wordsmith est une micro-entreprise enregistr\u00e9e sous le num\u00e9ro de SIRET : 89184286600016<\/p>\n\n\n\n<p>Ses activit\u00e9s sont : la traduction de textes non asserment\u00e9s en Fran\u00e7ais, Anglais, Russe et Ukrainien, la r\u00e9daction de contenu optimis\u00e9s pour les moteurs de recherche, la vente de formation de r\u00e9dacteur\/trice web ainsi que de livres de formation, la vente de services li\u00e9s \u00e0 la cr\u00e9ation de blogs de niche et la r\u00e9daction de leur contenu.<\/p>\n\n\n\n<p><\/p>\n\n\n\n<p>Propti\u00e9taire du site \/ webmaster \/ D\u00e9l\u00e9gu\u00e9 \u00e0 la protection des donn\u00e9es :<\/p>\n\n\n\n<p>Yohann Alvino, t\u00e9l: 06 31 59 63 50, 1 lieu dit La Chauss\u00e9e, 18240 Sury pr\u00e8s L\u00e9r\u00e9. mail: yohann.alvino@hotmail.com<\/p>\n\n\n\n<p><\/p>\n\n\n\n<p>Ce site web est h\u00e9berg\u00e9 par Hostinger:<\/p>\n\n\n\n<h4>Hostinger, UAB<\/h4>\n\n\n\n<p>Jonavos g. 60C, 44192<br>Kaunas, Lithuania<\/p>\n\n\n\n<h4>Hostinger International Ltd.<\/h4>\n\n\n\n<p>61 Lordou Vironos Street<br>6023 Larnaca, Cyprus<\/p>\n\n\n\n<p><\/p>\n\n\n\n<p>Ce site web utilise des cookies avec le consentement de l&rsquo;utilisateur. Celui-ci peut refuser leur utilisation sans que cela nuise \u00e0 son exp\u00e9rience sur le site. Il suffit pour cela de cocher \u00ab\u00a0refuser les cookies\u00a0\u00bb lorsque la fen\u00eatre pop-up s&rsquo;ouvre lors de la premi\u00e8re utilisation du site web.<\/p>\n\n\n\n<p>Toutes les donn\u00e9es collect\u00e9es le sont conform\u00e9ment au r\u00e8glement g\u00e9n\u00e9ral sur la protection des donn\u00e9es, comme le mentionne notre politique de confidentialit\u00e9. Elles sont collect\u00e9es avec le consentement de l&rsquo;utilisateur, qui peut s&rsquo;y opposer, y acc\u00e9eder et les modifier sur simple demande. <\/p>\n\n\n\n<p>En cas de litige concernant les donn\u00e9es collect\u00e9es, l&rsquo;utilisateur peut s&rsquo;adresser \u00e0 la CNIL pour effectuer un recours, demander conseil ou d\u00e9poser une plainte.<\/p>\n\n\n\n<p>Pour toute question, probl\u00e8me avec le site ou un service, veuillez contacter le webmaster.<\/p>\n","protected":false},"excerpt":{"rendered":"<p>Y-A-Wordsmith est une micro-entreprise enregistr\u00e9e sous le num\u00e9ro de SIRET : 89184286600016 Ses activit\u00e9s sont : la traduction de textes non asserment\u00e9s en Fran\u00e7ais, Anglais, Russe et Ukrainien, la r\u00e9daction de contenu optimis\u00e9s pour les moteurs de recherche, la vente de formation de r\u00e9dacteur\/trice web ainsi que de livres de formation, la vente de services li\u00e9s \u00e0 la cr\u00e9ation de blogs de niche et la r\u00e9daction de leur contenu. Propti\u00e9taire du site \/ webmaster \/ D\u00e9l\u00e9gu\u00e9 \u00e0 la protection des donn\u00e9es : Yohann Alvino, t\u00e9l: 06 31 59 63 50, 1 lieu dit La Chauss\u00e9e, 18240 Sury pr\u00e8s L\u00e9r\u00e9. mail:\u2026<\/p>\n","protected":false},"author":1,"featured_media":0,"parent":0,"menu_order":0,"comment_status":"closed","ping_status":"closed","template":"","meta":{"om_disable_all_campaigns":false,"_monsterinsights_skip_tracking":false,"_monsterinsights_sitenote_active":false,"_monsterinsights_sitenote_note":"","_monsterinsights_sitenote_category":0},"blocksy_meta":{"styles_descriptor":{"styles":{"desktop":"","tablet":"","mobile":""},"google_fonts":[]}},"aioseo_notices":[],"_links":{"self":[{"href":"https:\/\/y-a-wordsmith.fr\/index.php\/wp-json\/wp\/v2\/pages\/29"}],"collection":[{"href":"https:\/\/y-a-wordsmith.fr\/index.php\/wp-json\/wp\/v2\/pages"}],"about":[{"href":"https:\/\/y-a-wordsmith.fr\/index.php\/wp-json\/wp\/v2\/types\/page"}],"author":[{"embeddable":true,"href":"https:\/\/y-a-wordsmith.fr\/index.php\/wp-json\/wp\/v2\/users\/1"}],"replies":[{"embeddable":true,"href":"https:\/\/y-a-wordsmith.fr\/index.php\/wp-json\/wp\/v2\/comments?post=29"}],"version-history":[{"count":2,"href":"https:\/\/y-a-wordsmith.fr\/index.php\/wp-json\/wp\/v2\/pages\/29\/revisions"}],"predecessor-version":[{"id":510,"href":"https:\/\/y-a-wordsmith.fr\/index.php\/wp-json\/wp\/v2\/pages\/29\/revisions\/510"}],"wp:attachment":[{"href":"https:\/\/y-a-wordsmith.fr\/index.php\/wp-json\/wp\/v2\/media?parent=29"}],"curies":[{"name":"wp","href":"https:\/\/api.w.org\/{rel}","templated":true}]}}